114587221 composite?
True
Is 5804709333 prime?
False
Is 2796799 a prime number?
False
Is 9004094943 prime?
False
Is 24825547243 a composite number?
True
Is 44032169 a composite number?
False
Is 451860767 composite?
False
Is 1681630819 prime?
False
Is 4346260693 a prime number?
False
Is 5728110761 a prime number?
True
Is 8614255843 a prime number?
True
Is 1668163993 a prime number?
False
Is 2832955649 composite?
False
Is 94855513 a prime number?
False
Is 10194890107 a prime number?
True
Is 2857787873 a composite number?
True
Is 96101039 a composite number?
False
Is 950487233 prime?
True
Is 1721119511 a prime number?
True
Is 102240398543 prime?
False
Is 139023714097 a prime number?
True
Is 1700022877 a composite number?
True
Is 858971717 composite?
False
Is 36119514931 composite?
False
Is 1423311839 prime?
False
Is 52895635153 a prime number?
False
Is 439363337 composite?
True
Is 7031997173 composite?
True
Is 40145971337 composite?
True
Is 13537309 prime?
True
Is 47740953413 composite?
True
Is 58998154991 a composite number?
True
Is 17785087979 a prime number?
True
Is 5397121391 a prime number?
True
Is 549091451 a prime number?
False
Is 92151731117 a composite number?
False
Is 94933750753 prime?
True
Is 34979142797 composite?
False
Is 1016267027 prime?
True
Is 3944138819 a prime number?
True
Is 235319179 a prime number?
False
Is 54744804799 composite?
True
Is 9848375443 composite?
False
Is 45475807939 a composite number?
False
Is 1639040341 a prime number?
False
Is 1874743559 a prime number?
False
Is 1476685723 composite?
True
Is 1149217469 composite?
False
Is 582590201 composite?
True
Is 64387200419 a prime number?
False
Is 1093208471 a composite number?
False
Is 6797690191 composite?
True
Is 10716023931 composite?
True
Is 36210163117 a composite number?
True
Is 23527989473 a composite number?
False
Is 52819964031 composite?
True
Is 52380450037 a composite number?
False
Is 3786726311 composite?
False
Is 2888341535 prime?
False
Is 63382109179 prime?
True
Is 106919689 composite?
True
Is 4654455853 a composite number?
True
Is 3606896107 a composite number?
False
Is 1415634743 prime?
True
Is 2325787 composite?
True
Is 1971362429 prime?
True
Is 32050249163 prime?
True
Is 308300003 composite?
True
Is 999792221 composite?
True
Is 195392209 prime?
False
Is 24521781797 a composite number?
False
Is 1921498181 prime?
True
Is 27971455141 a composite number?
True
Is 3357889523 a prime number?
False
Is 141611065 prime?
False
Is 3266889407 a composite number?
False
Is 53263392869 prime?
False
Is 105812611 prime?
True
Is 3354244769 a composite number?
False
Is 1917163931 a prime number?
False
Is 64802981 composite?
False
Is 2455193113 a composite number?
False
Is 583443379 a prime number?
True
Is 4975585367 composite?
False
Is 56613523 composite?
True
Is 817553513 prime?
False
Is 1447214621 composite?
False
Is 46072889 a prime number?
False
Is 3297248767 a prime number?
False
Is 7398641047 a prime number?
False
Is 908644493 a prime number?
False
Is 2023931711 prime?
False
Is 452574539 composite?
True
Is 1333883129 prime?
False
Is 2209678181 prime?
True
Is 4062397261 a prime number?
False
Is 53745815807 a composite number?
True
Is 24183444823 prime?
False
Is 3163053139 a composite number?
True
Is 12373502179 a composite number?
True
Is 18913079765 a prime number?
False
Is 45480180013 a prime number?
False
Is 13451115191 prime?
False
Is 38475193 a composite number?
False
Is 156639941 a prime number?
True
Is 4861283159 a prime number?
False
Is 28501482253 prime?
True
Is 1144993517 a prime number?
False
Is 794516729 a composite number?
False
Is 207702605263 composite?
False
Is 3078919769 prime?
False
Is 10621600557 prime?
False
Is 4615165109 a prime number?
True
Is 11563826453 composite?
True
Is 2010281191 prime?
False
Is 8394619799 composite?
True
Is 1765117217 a composite number?
False
Is 13207370317 composite?
False
Is 3977652229 composite?
False
Is 1290363211 a prime number?
True
Is 9385315601 a prime number?
False
Is 12678161119 a composite number?
True
Is 6675249379 composite?
False
Is 42446982971 a prime number?
True
Is 78426213 composite?
True
Is 13081320271 composite?
False
Is 7783125137 a prime number?
True
Is 707499127 composite?
False
Is 3333725897 a prime number?
True
Is 23174235479 prime?
True
Is 4849994311 a prime number?
False
Is 7258618513 prime?
False
Is 1162735907 a prime number?
True
Is 10870941203 prime?
False
Is 32992139203 prime?
True
Is 102937068007 a prime number?
True
Is 661698823 prime?
True
Is 264033461 composite?
True
Is 61817681309 prime?
False
Is 6828479353 prime?
True
Is 38880617 composite?
False
Is 1660743803 composite?
True
Is 31550154843 a prime number?
False
Is 1486012393 prime?
True
Is 595256213 a prime number?
True
Is 26154731549 a prime number?
True
Is 715293221 prime?
True
Is 34716884109 a prime number?
False
Is 5288151431 composite?
True
Is 71288067211 prime?
True
Is 4314291959 a composite number?
True
Is 40844475409 a prime number?
False
Is 118600640551 composite?
False
Is 1106261729 prime?
False
Is 828060487 a prime number?
True
Is 62396309 composite?
True
Is 396920110187 prime?
True
Is 46190267609 composite?
False
Is 1672539703 a composite number?
True
Is 3243507763 prime?
False
Is 68616675443 a prime number?
True
Is 46306675769 composite?
False
Is 6063651599 prime?
True
Is 320036071 a composite number?
False
Is 30198761287 a prime number?
True
Is 2075794561 a composite number?
False
Is 1072523735 prime?
False
Is 27621551 composite?
True
Is 945250751 composite?
False
Is 3883124057 prime?
True
Is 946085527 a composite number?
True
Is 1148190895 a composite number?
True
Is 723400781 prime?
True
Is 3479980899 a composite number?
True
Is 1714600529 a prime number?
True
Is 837751247 composite?
True
Is 1089558889 a composite number?
True
Is 27765084407 a prime number?
True
Is 3171622361 composite?
False
Is 3385169107 prime?
False
Is 4138152567 a composite number?
True
Is 160639067 composite?
True
Is 16132097854 prime?
False
Is 586322953 a prime number?
False
Is 4553084489 composite?
True
Is 52176526471 a composite number?
False
Is 32156608217 prime?
False
Is 206946767 a composite number?
False
Is 121210305743 composite?
False
Is 31405659203 composite?
False
Is 3285530951 a prime number?
True
Is 2012311673 a composite number?
False
Is 254897561029 a prime number?
True
Is 747408583 a composite number?
False
Is 13625878577 a composite number?
False
Is 1341461837 a prime number?
True
Is 94106065 prime?
False
Is 16430715187 a composite number?
True
Is 1000144297 a composite number?
False
Is 607129907 composite?
False
Is 2602187573 a composite number?
False
Is 1906842269 prime?
True
Is 16959016579 a prime number?
False
Is 91788517 a composite number?
False
Is 4297479217 composite?
False
Is 1133371003 prime?
True
Is 698669141 prime?
True
Is 3077655697 a composite number?
False
Is 511058351 a composite number?
False
Is 142735251 prime?
False
Is 358921487 composite?
True
Is 3972267219 a composite number?
True
Is 1327929961 a composite number?
False
Is 1039644083 prime?
False
Is 2015880001 a prime number?
True
Is 180275991289 composite?
True
Is 574365923 a prime number?
False
Is 434230099 a prime number?
False
Is 2440552447 prime?
True
Is 51900959093 composite?
True
Is 436145921 a prime number?
True
Is 12984348337 composite?
False
Is 1164215446 prime?
False
Is 18622725991 composite?
False
Is 1362593171 a composite number?
False
Is 8936108647 prime?
True
Is 33837466639 composite?
False
Is 269430151 prime?
False
Is 163937591 a prime number?
True
Is 23534295283 a composite number?
True
Is 544756969 a prime number?
True
Is 27904227479 prime?
True
Is 5586645347 prime?
False
Is 26372753717 prime?
True
Is 1421387767 a prime number?
True
Is 41473211261 a composite number?
False
Is 622332797 prime?
False
Is 44154281051 prime?
False
Is 7163961059 composite?
False
Is 179693323 composite?
True
Is 165864406 composite?
True
Is 2280583343 prime?
False
Is 917008721 prime?
False
Is 605505883 composite?
True
Is 10923511 prime?
True
Is 5168113707 a prime number?
False
Is 2607630143 prime?
True
Is 2586649159 a composite number?
False
Is 3387380765 composite?
True
Is 7871246213 prime?
True
Is 1519004363 composite?
False
Is 38777997121 composite?
False
